 801 - p. Is g a composite number?
False
Let v be (19/(-38))/(1/(-12)). Suppose -2*f = 2*d - 458 - 492, -2*f + v = 0. Is ((-25)/20)/((-2)/d) composite?
True
Let p(x) = -289*x**2 - 12*x - 61. Let z(a) = 579*a**2 + 22*a + 121. Let k(d) = -5*p(d) - 2*z(d). Is k(-4) a prime number?
True
Let g(o) = o**3 - 4*o**2 - 20*o - 5. Let a be g(7). Suppose 13 = a*r - 63. Is r prime?
False
Let k = 234543 + 787364. Is k a prime number?
True
Let b = -291760 + 3537947. Is b prime?
False
Suppose 0 = -l - 3*m + 892625 - 308307, l - 5*m - 584374 = 0. Is l composite?
True
Let s(l) = -12377*l - 3071. Is s(-24) prime?
False
Suppose 2*c = -3*r + 21, -8*c + 7*c + 3*r - 12 = 0. Suppose 0 = -c*b + 5*f + 7726, 2*f = -0*f + 2. Suppose 2*y - b = -3*g + 6904, 4*g - 20 = 0. Is y composite?
False
Let b(y) = -4*y + 87. Let x be b(14). Suppose x*f = -f + 233056. Is f prime?
True
Is (3100/40)/31 + 96081/2 prime?
False
Let q = -376684 - -616457. Is q composite?
True
Let o = -95 - -347. Suppose -2*w + 10 + 88 = 0. Let y = o - w. Is y composite?
True
Suppose -c = 4*c - 16*c + 341143. Is c composite?
False
Suppose 13*r - 127684 = -17015. Is r composite?
False
Let d(m) = -m**2 - 23*m - 125. Let v be d(-15). Is ((3793/v)/((-6)/30))/1 composite?
False
Suppose 3*h - 67 = 4*w - 4, -w + 3 = 3*h. Let k(b) = -2*b**3 - 24*b + 2 - 1 - 7*b**2 + b**3. Is k(w) composite?
False
Let f(k) = -k**3 + 9*k**2 - 8*k - 38. Let b be f(7). Suppose 5*l - 218 - 291 = -2*h, -5*h = b*l - 1281. Is h composite?
False
Let p be (-105)/(-4)*400/75. Suppose 142*m = p*m + 4042. Is m a prime number?
False
Suppose 7*u - 2*u = 20. Suppose -u*m + 2523 = 5*t - 4184, 0 = -3*t + 9. Is m prime?
False
Suppose -2*f - a = -30264, 6*f + 45403 = 9*f - 2*a. Is f composite?
True
Suppose 212 = 6*m + 200. Is (m/1)/(10/8705)*7 a prime number?
False
Let j = 52090 - 23913. Suppose -756 = 3*g + d - 21903, -4*g + 5*d = -j. Is g/20 - 3/(-5) prime?
True
Let z(r) = -11*r + 47. Let l be z(4). Suppose 5747 = 2*q - l*u, -3*q + 8583 = -9*u + 12*u. Is q a composite number?
True
Let y(s) = s**2 - 7*s - 4. Suppose -4 = -4*w, o - 7 = 4*w - 3. Let q be y(o). Suppose 0 = q*i - 4*r - 1544, -3*r + 1970 = -0*i + 5*i. Is i a composite number?
True
Suppose 3*h = 15*h - 72. Suppose h = x + 4. Suppose -4*k - x*q + 2380 = 2*q, 3*q + 2366 = 4*k. Is k a composite number?
False
Suppose -983*v = -971*v - 925644. Is v prime?
True
Suppose 3*u - 37812 = 2400. Let i be 30/4*u/10. Suppose -2*w = 7*w - i. Is w a prime number?
True
Let c be -2*(-7)/2 + (-76)/(-19) + -6. Let g(a) = 3*a**3 + 3*a**2 - 6*a + 1. Let m be g(4). Suppose -f - c*n + 233 = 0, -n - 2*n - m = -f. Is f a prime number?
True
Suppose -26*b + 41*b = -25650. Let i be (-1 + 1 + 151)*-19. Let p = b - i. Is p composite?
True
Let b(a) be the first derivative of -23/2*a**2 + 19/3*a**3 - 10*a - 14 - 1/4*a**4. Is b(17) a composite number?
True
Let x(k) = -10205*k**3 - 4*k**2 + 3*k + 5. Is x(-2) prime?
False
Suppose 0 = 2*x - 13 + 7. Suppose 21*z = -x*z + 2280. Is z composite?
True
Suppose -27*v + 22*v = -3*m + 3368, 2*m = v + 2243. Let l(s) = s**2 + 6*s + 3. Let w be l(-6). Suppose w*t - 3351 = -3*p, 2*p - m = -t - p. Is t prime?
False
Is (-1 - 2785434)*(5152/140 + -37) prime?
True
Let x = 5676599 + -3312378. Is x a composite number?
False
Let i = -48 + 68. Suppose 2*t + 2*j - i = 0, 5*j - 2*j = -5*t + 44. Suppose -4*n - t*n + 1573 = 0. Is n prime?
False
Let z = 17 + 43. Let y be (-3)/(z/(-8))*1415. Let c = y + -312. Is c a composite number?
True
Let a(v) = v**3 - 10*v**2 + 12*v + 9. Let p be a(9). Suppose 0 = -2*w + 3*j - 10 - 3, -3*w - j + 8 = 0. Is ((-414)/p)/(1*w/(-94)) a composite number?
True
Let n(v) = 8596*v**2 + 115*v - 85. Is n(-8) composite?
False
Let t be (-154)/28 - (-6)/(-4). Let g(w) = -w**3 - 9*w**2 - 3*w + 15. Let c be g(t). Let z = 381 + c. Is z composite?
True
Let b(m) be the first derivative of -m**4/4 + 7*m**3/3 + 13*m**2/2 - 14*m + 10. Let n be b(8). Suppose -n = 13*y - 208. Is y prime?
False
Suppose -7 = -9*z + 2. Is (-98814)/48*-2 + z/(-4) a prime number?
False
Let g(x) = -248*x**3 - 10*x**2 - 6*x + 5. Let k be 19/(-7) + (10 - (-648)/(-63)). Is g(k) a composite number?
True
Let g(m) = 3453*m**2 - 105*m - 5. Is g(-7) a composite number?
True
Suppose -80839 = 89*v - 78*v. Let y = 14260 + v. Is y a composite number?
False
Suppose 151*c = 203468 + 2043. Is c a composite number?
False
Let o(n) = -4*n + 4*n**3 + 3 + 29 - 4*n**2 - 4*n - 3*n**2. Is o(5) a composite number?
False
Suppose -6*t + 76 = 64. Suppose 3*f - 42285 = t*v, 18*f = 13*f + v + 70475. Is f composite?
True
Suppose 5*m - 16 + 1 = 0. Suppose -n = -4 + m. Let a(p) = 44*p - 1. Is a(n) a prime number?
True
Let j(q) = -221*q**3 + 11*q**2 - 6*q - 101. Is j(-7) composite?
False
Suppose 24*v - 21*v = 6738. Let j = 4875 + v. Is j a prime number?
True
Let g(y) = 35927*y + 363. Is g(2) a prime number?
False
Let u(n) = 10*n**2 + 23*n - 2. Let v be u(-8). Suppose 0 = -4*p - v + 3902. Is p prime?
False
Let w(j) = -2*j**3 + 18*j**2 + 17*j - 34. Let o be w(-21). Let h = -16868 + o. Is h prime?
False
Let z be 1/(-3)*(-13)/(39/(-18)). Is (-109)/(((-10)/340)/(z/(-4))) a composite number?
True
Let b be (2*(-75)/(-10))/((-2)/(-214)). Suppose 8*v + 589 = b. Is v prime?
True
Let o be (-15)/20 + (-55526)/(-8). Suppose o + 12944 = 12*i. Is i a prime number?
True
Suppose 3*m + 0 = 6. Let k(z) = 42*z + 591. Let g be k(-14). Suppose -2*h - 4147 = -5*j, -h = -g*h - m. Is j a prime number?
True
Suppose 0 = 3*y + 7 - 37. Let b(f) = f**2 - 9*f - 17. Let t be b(y). Let h = 66 + t. Is h a composite number?
False
Is (-20)/((-40)/97479)*16/36 a composite number?
True
Suppose -k + 2*l + 32480 = 3*k, 3*k = -2*l + 24346. Suppose -17*v = -14*v - k. Suppose v = 6*p - 0*p. Is p a prime number?
False
Suppose -2*x + 5*z + 1795797 = 173682, -5*z = x - 811020. Is x a composite number?
True
Suppose 21 = -3*k, -5*k = -3*i - k + 4484221. Is i a composite number?
True
Let l = -96 + 98. Suppose -2*s - 4406 = -l*v, 4*s - s + 8812 = 4*v. Is v prime?
True
Suppose -4*s = 3*x - 201, x = 10 - 15. Suppose -49*p + s*p - 38945 = 0. Is p composite?
False
Let t be 3/(-3)*(-3)/(0 + 1). Suppose 0 = t*a - 6*g + 4*g - 7, 3*a = -4*g + 31. Let f(p) = 163*p**2 + 12*p - 24. Is f(a) composite?
False
Let t = 483989 - 928. Is t a prime number?
True
Suppose 5*c - 5*n - 1 = 9, 18 = 5*c - n. Suppose -c*y = -7*y + 12. Suppose y*p = o - 3*o, -5*p - 45 = -2*o. Is o a prime number?
False
Suppose -2*q + 5*j - 8 = -75, -3*j = -3*q + 87. Suppose 3*y - 1840 = q. Suppose -2865 = -11*o + y. Is o a composite number?
False
Let p(d) = -d**2 - 5*d - 2. Let k be p(-5). Is k/4 + (-38030)/(-20) a prime number?
True
Let k(v) = -v**3 - 22*v**2 - 22*v - 10. Let u = -30 - -13. Let l be k(u). Let p = -446 - l. Is p a prime number?
False
Suppose 7*d + 1261 - 5118 = 0. Let g = 2086 - d. Is g a composite number?
True
Is 2/(8 + (-2804576)/350576) a composite number?
False
Suppose 5307763 = 205*b - 16354471 - 388181. Is b prime?
True
Suppose -18*t - 27*t + 1872000 = -1114155. Is t composite?
False
Suppose -4*a + 105125 = k, 90*k - 85*k - 525492 = -a. Is k composite?
False
Let i(l) be the third derivative of -5*l**4 - 22*l**3/3 + 26*l**2. Let w be i(-18). Suppose 8*y - w - 5316 = 0. Is y prime?
True
Suppose 0 = -173*d + 203*d - 41284380. Is d prime?
False
Let u(p) be the second derivative of -1303*p**3/6 + 17*p**2 - p - 129. Is u(-3) prime?
True
Let l = -21738 + 45455. Is l a prime number?
False
Suppose -5*o = 4*r - 542637, 325579 = -14*o + 17*o + 4*r. Is o a prime number?
True
Let z be 4458 + -2 + (-2 - -6). Suppose 2*b - z = -18*b. Is b prime?
True
Suppose 83075 = 4*x + 5*n, 0 = -5*x - 6*n + n + 103850. Suppose 16*z = z + x. Is z a prime number?
False
Let h(r) = -r**3 + 11*r**2 + 25*r + 13. Let s be h(13). Is 6 + s + -6 + 2743 composite?
True
Let m(a) = 952*a**2 - 4*a - 3. Let n be m(-3). Suppose -35*w = -38*w + n. Is w composite?
True
Let t(q) = 25*q**2 + 4*q + 2. Suppose -5*w - 153 = -2*w. Let i = 49 + w. Is t(i) a composite number?
True
Let i = -26 + 41. Let z(r) = -6*r**2 + 6*r + 7*r + 9 + r**3 + 4 + 10. Is z(i) prime?
True
Suppose 0 = 11*j + 2046 + 1507. Let s = j - -1139. Let x = 1150 - s. Is x a prime number?
False
Let b = -2591 - -6161. Is 5 + 11/(55/b) prime?
True
Let r be -880 - (-1 + 8/2 - 1). Let l = -395 - r. Is 